 = w + 8. Suppose -9540 = -36*z + 5688. Calculate the remainder when z is divided by h(17).
23
Let d = -27277 + 27999. What is the remainder when d is divided by 286?
150
Let l = -16124 - -21101. Calculate the remainder when l is divided by 13.
11
Calculate the remainder when 5233 is divided by -8 - (-41 - 5)/((-9)/(180/(-8))).
97
Let a = 61 + -6. Suppose -a - 210 = -5*z. Suppose -8 = -3*y + 2*y. Calculate the remainder when z is divided by y.
5
Let o(d) = -d**3 - 15*d**2 + d + 22. Let y = -626 - -631. What is the remainder when o(-15) is divided by y?
2
Let b(j) = 10 - 2 - 2*j**2 - 6*j + 16 + 27*j. What is the remainder when b(6) is divided by 31?
16
Let k(r) = -r. Let u be k(-1). Let j(a) be the second derivative of 23*a**3/6 - a**2 + 6*a. What is the remainder when 102 is divided by j(u)?
18
Suppose -5*l + 63 = -n, -4*l - 5*n + 2*n = -58. Let z = -133 - -134. Suppose w = 5*u - 13, 2*u - 4*w + 1 + z = 0. What is the remainder when l is divided by u?
1
Let g = 6342 - 5882. What is the remainder when g is divided by 68?
52
Suppose 22*z = -7*z. Suppose z = s + 4*u - 2*u - 75, 399 = 5*s + 4*u. What is the remainder when 829 is divided by s?
82
Let f(h) = -60*h - 55. Let k be f(3). Let n = k - -478. What is the remainder when n is divided by 82?
79
Suppose m + 5*a - 102 = 0, -3*m + 5*a + 172 = -194. Suppose -122*r + m*r = -215. What is the remainder when 253 is divided by r?
38
Suppose 13211*o + 2621 + 727 = 13238*o. What is the remainder when 543 is divided by o?
47
Suppose -224 = -4*a - 84. Let p(o) = o + 52. What is the remainder when p(0) is divided by (-4)/6*a/(-15)*9?
10
Calculate the remainder when ((-64)/80)/(32/(-32880)) is divided by 208.
198
Let q(d) = 346*d - 1302. Calculate the remainder when q(5) is divided by 110.
98
Suppose 2*m - 3*i - 82 + 14 = 0, m - 2*i = 35. Calculate the remainder when 827 is divided by m.
21
Let f be (10 - 58) + (5 - (-1 + 2)). Calculate the remainder when 1/4 - (-243)/4 is divided by 8/f + 1/((-33)/(-732)).
17
Calculate the remainder when 894 is divided by (-1*(264 + -13))/(-1).
141
Suppose -31*b - 128 = -1306. Calculate the remainder when 512 is divided by b.
18
Suppose -t - 5*g + 9 = 0, 59 = 3*t + t - 3*g. Calculate the remainder when (10*(-6)/(-16))/(1/20) is divided by t.
5
Calculate the remainder when (-24)/(-128) - 151575/(-48) is divided by 72.
62
Suppose 0 = 68*m - 142*m + 1406 + 1517 - 481. Let j = 86 - 61. What is the remainder when m is divided by j?
8
Let z be (-480)/(9 - 24) + -4 + -1. Suppose -z*q = -18*q - 198. Calculate the remainder when 370 is divided by q.
18
Suppose 2*g - 314 + 46 = 3*x, -x - 136 = -g. Calculate the remainder when g is divided by 1*(-13)/((-169)/(-26))*94/(-4).
46
Let s(k) = -k**3 + 9*k**2 - 10*k + 17. Let t = 465 - 243. What is the remainder when t is divided by s(7)?
42
Calculate the remainder when 692 is divided by 194/(-1)*303/(-606).
13
Let z(k) = -k**2 + 72*k - 19. Calculate the remainder when z(11) is divided by 16.
12
Suppose 3*g = -5*i + 14, 0 = -0*i + 5*i - 4*g + 7. Let p = 159 + i. Suppose -p*w = -159*w - 42. What is the remainder when w is divided by 9?
6
Let j(h) = 50*h**2 + 185*h - 2. Calculate the remainder when (-1)/3 + (-4144)/(-12) is divided by j(-4).
55
Let x be -9 + (-3)/12*0. Let d = x + 26. Suppose -4*m - d = -69. What is the remainder when 25 is divided by m?
12
Suppose -59*d = -68*d + 513. What is the remainder when 171 is divided by d?
0
Let v(o) = -o**3 + 7*o**2 - 7*o + 8. Let n be v(6). Suppose n*u + 3*u - 2*t - 201 = 0, u + t = 36. Calculate the remainder when u is divided by 13 + 1/((-2)/4).
6
Let o(n) = -n**3 - 13*n**2 - 2*n - 21. Let m = 1 - 14. Let c be o(m). What is the remainder when 99 is divided by -50*c/30*-3?
24
What is the remainder when 5220 is divided by (-20)/10*((2 + -17)/(-5) + -10)?
12
Suppose -5*h - 374 = 396. Let j = h + 181. What is the remainder when 96 is divided by j?
15
Let m(x) = x**2 - 18*x - 11. Let s be m(19). Suppose s*o - 55 = 41. Suppose -242 + 104 = -3*h. What is the remainder when h is divided by o?
10
Let r = 8526 + -8510. What is the remainder when (2 + 0)*(-47)/(-2) is divided by r?
15
Suppose -22*b = -21*b - 3. Suppose -3060 = -b*j - 12*j. Calculate the remainder when j is divided by 10.
4
Let d(f) = 590*f - 7655. What is the remainder when 359 is divided by d(13)?
14
Let s(o) = 8 - 11*o + 55 + 75 + 30. Calculate the remainder when 207 is divided by s(14).
11
Suppose -10 = -3*y + 35. Let h(d) = 5*d - 3. Let k be h(1). What is the remainder when y is divided by -1 + 6 + k/2?
3
Let t(f) = f + 10. Let x(b) = b**2 + 10*b - 14. Let a be x(-13). Let p be (24 - a)/(1/(-7)). What is the remainder when 49 is divided by t(p)?
15
Let x(j) = -3*j**2 + 26*j - 16. Let b be x(8). Suppose 6*l = 2*l + 4*k + 104, -4*l - 5*k + 95 = b. Calculate the remainder when 97 is divided by l.
22
Let v(g) = -64*g**2 + 14*g - 40. Let r be v(3). Let q = -506 - r. What is the remainder when q is divided by 28?
12
Suppose 18 = 5*k - 312. Suppose 0 = -b + 3*b + k. Calculate the remainder when 63 is divided by 3 + (0 + -4 - b).
31
Suppose -17770 = -24*j + 1742. What is the remainder when j is divided by 132?
21
Let x(g) = g**2 - 2*g - 7. Let f be x(-3). Suppose 5*y = f*y - 357. Calculate the remainder when y is divided by 24.
23
Let z(n) = -n**2 - 10*n + 10. Let s be z(-8). Let j = s - -26. What is the remainder when j is divided by 108/(-90) + (28 - 33) + 152/10?
7
Let p(r) = 11*r**2 - 24*r + 25. Calculate the remainder when 6761 is divided by p(2).
20
Let s(a) = a**2 - 18*a + 48. Let t be s(16). Suppose 0*o + 1504 = t*o. What is the remainder when 184 is divided by o?
90
Suppose 2*h + 8 = x + h, -3*h = -5*x + 32. Suppose -p - 32 = -x*l, 0 = 4*l - l - 4*p - 37. Let n = 50 - 19. What is the remainder when n is divided by l?
3
Suppose l - 5*u - 149 = 0, 4*l - 29*u = -33*u + 476. Calculate the remainder when l is divided by 33.
25
Let x(d) = d**2 + 44*d - 204. What is the remainder when 5482 is divided by x(6)?
10
Let c = 23516 - 23211. Calculate the remainder when 911 is divided by c.
301
Let r = 670 - 594. Let k = 30 - 22. Calculate the remainder when r is divided by k.
4
Let k(f) = 127*f - 836. What is the remainder when k(14) is divided by 43?
39
Let d(b) = 3*b**2 - 136*b + 250. What is the remainder when 497 is divided by d(44)?
53
Let f = 7 + 3. Suppose -112 = -2*t - 2*x, -5 = -4*x + 3. Suppose -2*n + 4*k + t = -0*k, -2*n = 4*k - 94. Calculate the remainder when n is divided by f.
7
Let a = -13 - -14. Suppose 0 = -3*l + 3*x, -4*l + 15*x = 18*x - 14. Suppose -z = l*u - 17 - a, 5*u = -z + 51. What is the remainder when 43 is divided by u?
10
Let g(k) = k**2 + 9*k + 10. Suppose -7*z + 9*z = -16. Let r be g(z). Suppose -41 + 131 = r*o. What is the remainder when o is divided by 8?
5
Suppose -3*u + 8 = -2*u. Let q be 12 + -6 + -9 + 4. What is the remainder when (408/48)/(q/2) is divided by u?
1
Suppose -204*a + 209*a - 320 = 0. Calculate the remainder when a is divided by (-30)/12*(-2)/((-3)/(-3)).
4
Suppose -7*w = 57 - 5825. Let p = -741 + w. What is the remainder when p is divided by 55?
28
Suppose -j + 156 = 3*k, 3*k - 139 = -5*j + 29. Calculate the remainder when 246 is divided by k.
42
Suppose 0 = 262*u - 264*u + i + 1178, 3546 = 6*u + 3*i. What is the remainder when u is divided by 16?
14
Let c = 18 - 9. Suppose 648*t = 276*t + 281*t + 1183. Calculate the remainder when t is divided by c.
4
Let m(j) be the first derivative of -65*j**2/2 + 23*j + 65. What is the remainder when m(-6) is divided by 32?
29
Let u be ((-2)/(8/4))/((-2)/8). Suppose -u*o = 123 - 35. Calculate the remainder when 0 - o - 6/2 is divided by 6.
1
Suppose 160247 = 139*v + 592*v - 340488. What is the remainder when v is divided by 636?
49
Let z = 610 + -614. Let l(y) = 3*y**2 + 7*y + 5. Calculate the remainder when 798 is divided by l(z).
23
Let u be (-1 + 30*1)/((-12)/(-1560)). Suppose -20*o = 9*o - u. What is the remainder when o is divided by 41?
7
Let v(c) = 7*c**2 - 23*c + 50. Suppose i - 771 = -2*q - 4*i, 5*q + 3*i = 1956. Calculate the remainder when q is divided by v(3).
41
Let a = 94 + -50. Let s(j) be the first derivative of -3*j**2/2 + 36*j + 77. What is the remainder when a is divided by s(7)?
14
Let y(k) be the second derivative of -15*k**3/2 - 173*k